ors of o.
2, 17, 163
Let n be 6 + 562 + (-1 - 4). Suppose -t - 3*d = -n, 5*d + 20 = -0*d. List the prime factors of t.
5, 23
Suppose -23789 + 7669 = -4*y + 12600. What are the prime factors of y?
2, 5, 359
Let m = -1834 - -3591. Let i = m - 1130. What are the prime factors of i?
3, 11, 19
Let y(s) be the third derivative of -23*s**6/60 - s**5/60 - 5*s**4/24 - s**3/3 + 29*s**2. Let o be y(-3). Suppose 21*r - 7*r = o. List the prime factors of r.
89
Suppose -179420 = 5*c + 2*i - 662575, 0 = -i - 5. List the prime factors of c.
3, 1193
Let m(k) = -k**3 - k**2 - 2*k - 1. Let d(g) = 6*g**3 - 17*g**2 - 34*g + 42. Let x(v) = d(v) + 5*m(v). What are the prime factors of x(25)?
2, 7, 29
Let w(b) = -3*b**2 + b**2 - 9 + 2*b + 7*b**2 - 10*b. Let a(i) = -3*i**3 - 33*i**2 - i - 6. Let y be a(-11). What are the prime factors of w(y)?
2, 19
Let b = -61 - -62. Let y be -3 - (-2)/b - -131. Suppose -3*v - 5*l + y = 0, -29 - 13 = -v - 2*l. What are the prime factors of v?
2, 5
Let w(p) be the second derivative of p**3/6 + 57*p**2 + 2*p + 8. What are the prime factors of w(-23)?
7, 13
Let n(o) = 63*o**2 - o - 1. Let h(f) = f + 2. Let r be h(-4). Let g be n(r). Let v = g - 112. List the prime factors of v.
3, 47
Suppose d = 4*d - 4*w + 16, -4*d - 5*w = 11. List the prime factors of (-210)/(-175)*(2 + (-462)/d).
3, 47
Let w be 276/42 + (-3)/(-7). Suppose 144 = 8*u - w*u. Let l = -64 + u. What are the prime factors of l?
2, 5
Let d = -45357 + 68213. List the prime factors of d.
2, 2857
Let j = 53534 + -29596. What are the prime factors of j?
2, 11969
Let i(g) = 1050*g - 4352. List the prime factors of i(58).
2, 67, 211
Let m = 8327 + -4192. What are the prime factors of m/(-25)*-5 + -8?
3, 7, 13
Let k(q) = 139*q**2 - q - 74. What are the prime factors of k(-7)?
2, 3, 281
Let i(v) = -v**2 - 14*v - 4. Let q(m) be the first derivative of -m**4/4 + m**2 - 4*m + 4. Let p be q(2). List the prime factors of i(p).
2, 11
Let n(m) = 23*m + 1802. Let o be n(0). Suppose -3*s = 0, p + 5*s = o - 693. What are the prime factors of p?
1109
Let u(z) = -9*z**2 + 64*z. Let j be u(7). What are the prime factors of ((-3940)/8 + j)/((-2)/4)?
971
Suppose -62819 = -27*o + 241660. What are the prime factors of o?
3, 7, 179
List the prime factors of ((-8717 - -40)/((-2)/4))/2.
8677
Let a(v) = 17744*v**2 + 3*v + 3. What are the prime factors of a(-1)?
2, 1109
Let g(i) = -287*i + 290*i - 17 + 164. What are the prime factors of g(0)?
3, 7
Let g(q) = 1591*q - 522. List the prime factors of g(3).
3, 13, 109
Let r = 311 - 306. List the prime factors of 56 - (10/(-6))/(r/(-15)).
3, 17
Let w = 59 - 52. Let p be (w - 1)*(15/10)/1. What are the prime factors of 98*(0 - p/(-6))?
3, 7
Suppose -5*p - 2*f + 25359 = 0, 2*p - 10134 = -161*f + 157*f. List the prime factors of p.
3, 19, 89
Let i(n) = 23 + 8*n**2 + 7*n**3 - 3*n - 19 + 0*n**3 - 6*n**3. List the prime factors of i(-8).
2, 7
Let q be 3/(-9)*1/((-8)/48). Suppose 4*j + 2983 + 4658 = 5*i, -3034 = -q*i - 4*j. List the prime factors of i.
5, 61
Suppose 0 = 4*k + 2*f - 130, 2*f + 5 + 5 = 0. Suppose 6*q - k = 1081. What are the prime factors of q?
2, 3, 31
Suppose 2*z = 5*w - 3*z - 40, 0 = 3*z. Suppose w*f - 7*f = 2*n - 908, 5*n - 2292 = -3*f. List the prime factors of n.
2, 3, 19
Suppose 0 = s - 2 - 0. Suppose -4*z - 625 = -3*h, h = -2*h + s*z + 629. List the prime factors of h.
211
Let y = -3709 + 10235. List the prime factors of y.
2, 13, 251
Let k be (-4)/(1 + -5)*3. Suppose -32 = -2*g + 2*c, 0 = 3*g - 0*c + k*c - 18. Suppose 3*x = g*x - 488. What are the prime factors of x?
61
Suppose -5*x - 3*d - 91 = 0, -32 - 31 = 3*x - d. Let p(y) = 8*y - 49. Let f(g) = g + 1. Let a(k) = 3*f(k) - p(k). What are the prime factors of a(x)?
2, 19
Let a = -1558 - -2253. Let t = -56 + a. List the prime factors of (-15)/(-40) - t/(-24).
3
Let n = 40604 - 9944. What are the prime factors of n?
2, 3, 5, 7, 73
Let c(h) = -2*h + 28. Let f be c(9). List the prime factors of -1 - f/(-15) - 100/(-12).
2
Let f(y) = y**2 - 83*y + 117. Let p be f(31). Let j = -13 - p. What are the prime factors of j?
2, 3, 13, 19
List the prime factors of (-162168)/(-15) - (-3)/(-6)*128/(-80).
2, 3, 17, 53
Let s(m) be the third derivative of m**5/30 - 7*m**4/8 + 8*m**3/3 + 19*m**2. Let h be s(-13). Let g = -359 + h. What are the prime factors of g?
2, 67
Let k(z) = -6 - 28*z - 11 - 2 - 8. What are the prime factors of k(-6)?
3, 47
Let k(i) = -i**2 - 15*i - 31. Let n be 18/(-2) - 6*2/4. Let o be k(n). Suppose o*j - 303 = 282. What are the prime factors of j?
3, 13
List the prime factors of (235/15 + -15)*-1*24591/(-2).
7, 1171
Let b = -3 - 37. Let p = 38 + b. What are the prime factors of ((-25)/75)/(p/96 - 0)?
2
Let i = -19 + 23. List the prime factors of i/(-14) - 28905/(-105) - 5.
2, 3, 5
Suppose -4*c - t + 13568 = 0, 26*c = 25*c + t + 3397. List the prime factors of c.
3, 13, 29
What are the prime factors of 34646 + 29 + (54/(-10) - (-6)/15)?
2, 5, 3467
Let z = 61 - 57. Let o be (-1)/2*(-3 - (-12)/z). Let r(c) = c**2 - c + 97. List the prime factors of r(o).
97
Let b(s) = -380*s + 175. List the prime factors of b(-85).
3, 5, 433
Suppose -3*r = -3*d - 10665, 2*r - 5*d + 671 - 7790 = 0. Suppose -r = y - 13*y. List the prime factors of y.
2, 37
Suppose -k + 13*s = 12*s - 5871, 17637 = 3*k + 5*s. Suppose -k = -8*v - 14*v. What are the prime factors of v?
3, 89
List the prime factors of 6742/1 - (-1 - 42/7).
17, 397
Let r(v) = -52*v + 82. Let g be r(12). Let b = 848 + g. List the prime factors of b.
2, 3, 17
Suppose -15 = -p - 4*p. Suppose 3 = -6*m - p. List the prime factors of (4 + (3 - 6))/m - -27.
2, 13
Let w(u) = 3*u**2 + 54*u - 378. List the prime factors of w(27).
3, 11
Let m be ((-126)/(-12))/(3 - -3)*-28. Let l = 93 + 17. Let a = m + l. What are the prime factors of a?
61
Let i(j) = 88*j**3 + 6*j**2 - j - 1. Let y be i(1). Suppose p - 305 = -4*p. Let c = y + p. List the prime factors of c.
3, 17
Suppose -5*a + 0*a + 77 = 3*n, 0 = -2*a + 5*n + 6. Suppose -9209 = -a*x - 863. What are the prime factors of x?
2, 3, 107
Let v(u) = -116*u + 15*u - 37*u - 18. Let b be v(8). List the prime factors of b/4*12/(-18) - 0.
11, 17
Let t(y) = 18*y + 26. Let u be t(9). Suppose -u - 56 = -4*f. Let p = 81 - f. List the prime factors of p.
2, 5
Let j(k) = -3*k + 36. Let q = -115 - -126. Let l be j(q). What are the prime factors of 317*l/3 + -2 + -1?
2, 157
Let j be (-4)/16*-4*0. Suppose -6*l - 12 = -j*l. Let g(u) = 27*u**2 + 4*u - 2. List the prime factors of g(l).
2, 7
Suppose -b = -5*s + 28817, -35*s + 3*b = -40*s + 28809. What are the prime factors of s?
3, 17, 113
Let p(y) = 295*y**2 + 2*y. Let h be p(1). Let b be 1/(-1) + 22*-9. Let d = h + b. List the prime factors of d.
2, 7
Suppose 2*x + 0*x - 157 = -3*l, -2*l = -4*x + 354. Let u = 471 + x. What are the prime factors of u?
557
Let q = 185 + -69. Let n = q - 20. Suppose -4*z + 424 = s + 15, -s - n = -z. What are the prime factors of z?
101
Let y(a) = -a**3 + 53*a**2 - 107*a - 52. What are the prime factors of y(50)?
2, 1049
Let f(m) = -36*m + 6. Let z(k) = k. Let g(u) = -f(u) + 12*z(u). Suppose -5 = 2*d + 4*y + 3, -4*d - 7 = 5*y. List the prime factors of g(d).
2, 3, 5
Let o(s) = 2*s - 10. Let q be o(7). Suppose -31 = -l + q*t + 2, 0 = -3*t - 12. Suppose 0 = 15*n - l*n + 268. What are the prime factors of n?
2, 67
Let h(k) = -364*k - 96. Let c(w) = 69*w + 19. Let r(y) = -16*c(y) - 3*h(y). Suppose -4*g = 5*d + 16, 0*g + 38 = -2*g + 5*d. List the prime factors of r(g).
2, 23
Let u(x) = 135*x - 107. List the prime factors of u(29).
2, 7, 17
Suppose -38*s + 32554 + 81826 = 0. Suppose s + 215 = 5*n + 4*l, 2*l = 0. What are the prime factors of n?
3, 5, 43
Let w = -118 - -167. Let j = 78 - w. Suppose -j - 15 = -4*d. What are the prime factors of d?
11
Suppose -633 = 2*p - 673. Let m = 530 - p. What are the prime factors of m?
2, 3, 5, 17
Let v = -233 - 90. Let l = -153 - v. What are the prime factors of l?
2, 5, 17
Let s be 4/(-2) - 582/(-18)*3. Suppose -246 + 666 = -5*y. Let u = s - y. What are the prime factors of u?
179
Let q(r) be the first derivative of 4*r**3 + 7*r - 3*r**3 + 7 + 2*r**3 - 29*r. What are the prime factors of q(4)?
2, 61
Let n(p) = 109*p**2 + 2268*p - 37. What are the prime factors of n(-28)?
3, 5, 487
Suppose -3270 = -13*i - 2*i.